 335, -15 = -5*g. Is k a prime number?
True
Let o = -891 + 1532. Is o a prime number?
True
Let o(h) = 3*h**2 - 2*h + 2. Let t be o(2). Suppose -g = -27 - t. Is g a composite number?
False
Suppose -12 - 12 = -3*h. Let f(s) be the third derivative of -s**4/24 + 5*s**3/3 + 10*s**2. Is f(h) a composite number?
False
Suppose -29 = -2*l + 5*f, 4*f = -2*l + 5*l - 54. Is l a composite number?
True
Let s = -277 - -531. Is s prime?
False
Suppose -3*y - k - 322 = 389, 0 = k. Let b = y - -422. Is b composite?
True
Let a = 140 + -99. Is a + 2 + 5 + -2 composite?
True
Suppose -r = r + x - 971, -4*x = -4. Is r composite?
True
Suppose 4*m - 36 = 5*h, 4*m + h = -3*h. Suppose -2 = -m*q - 2*p - 0, 0 = -q - 4*p + 11. Let c(o) = 52*o**2 + 1. Is c(q) composite?
False
Let s = 1347 - 92. Is s a prime number?
False
Let o(m) = 180*m + 77. Is o(15) composite?
False
Let m = 5 - 11. Let k(w) = w - 3. Let y be k(0). Is (m + 0)*5/y composite?
True
Let q be 15/3 + 2/1. Is 208/6 + q/21 prime?
False
Suppose -3*z - f + 14 = 0, -f + 2*f - 8 = -z. Let u = z - -6. Let d = 23 - u. Is d a composite number?
True
Let s(v) = -v + 1 - 6*v - v + 5*v. Is s(-3) a prime number?
False
Let y = 4 + -4. Suppose 3*f - 6*f + 9 = y. Suppose 223 - 42 = 2*s + 3*b, -f*s = -2*b - 291. Is s composite?
True
Let q = 10 + -7. Is ((-92)/(-6))/(2/q) a prime number?
True
Let v(r) = -r**3 - 7*r**2 + 4*r + 3. Let f(i) = 9*i**2 + 11*i**3 - 3 - 10*i**3 - 3*i - 3*i**2. Let t(u) = -4*f(u) - 5*v(u). Is t(-5) a prime number?
False
Let k(d) = 10*d - 2. Is k(12) composite?
True
Suppose 10*o - 4616 = 734. Is o composite?
True
Let q be 26/(-2*3/24). Let z be 0 - (1 + q/2). Let t = z + 4. Is t prime?
False
Let a = 2689 + -1628. Is a a prime number?
True
Let b = 22 + -23. Is 2 + 3 + b + 331 a prime number?
False
Is -24 + 22 + (2/1 - -2363) a composite number?
True
Let a(v) = v**2 - 16 - 2*v + v + 2. Is a(-11) composite?
True
Let w(b) = 28*b**2 - 2*b - 7. Let l be w(-5). Suppose -4*a - l = -5*h, 2*h + h - 415 = -a. Is h prime?
True
Suppose -3*h + 128 - 1613 = -3*b, 3*h = 5*b - 2479. Is b prime?
False
Let n be (-1 - 1)/(4/(-6)). Suppose -356 = -2*s + n*r + 174, 0 = 4*s + 3*r - 1024. Is s prime?
False
Let w(l) = -l**2 - 6*l + 3. Let k be w(-6). Let z be -1 + (3 + 276)/k. Suppose 4*p - 304 = -z. Is p a composite number?
False
Suppose p - 4*c - 19 = 0, 14 + 29 = 4*p - 5*c. Let q(z) = -6*z - 2*z - p - 4*z + 3*z. Is q(-6) a composite number?
False
Let w be (2 - -1) + 2 + -1. Suppose -w*f + 67 = -49. Suppose 0 = -3*p + s + f, -3*s + 5 = p - 18. Is p a composite number?
False
Suppose 3*p - 364 = -40. Let u = p + -31. Is 0 - 0 - u/(-1) prime?
False
Suppose -4 = -2*q, 3*n + 5*q + 87 + 605 = 0. Let o = 523 + n. Is o composite?
True
Suppose 4*i - 7 = -19, i = o - 317. Is o a composite number?
True
Suppose 2*p - 334 = -0*p - 5*o, 3*o - 12 = 0. Let b = p - 83. Is b*((-9)/(-3))/6 a prime number?
True
Suppose -2*s + 2*c = -50, 0*s + s = -4*c + 10. Suppose -2*b = -0*b - s. Is b a prime number?
True
Let s = 64 - -72. Suppose -q - 5*o + s = 0, 0 = -0*q + 3*q - o - 360. Is q a prime number?
False
Let c(k) be the second derivative of -11*k**7/840 - k**6/360 + k**4/24 - k**3/6 - k. Let i(u) be the second derivative of c(u). Is i(-2) a composite number?
True
Let y(h) = -6*h**2 - 5*h + 11. Let a be y(8). Let c = 1054 + a. Is c a composite number?
False
Suppose t = 31 + 72. Let k = -64 + t. Suppose 18 = p - k. Is p a composite number?
True
Suppose 0 = j + 4*j, 2*c + 5*j - 444 = 0. Let s = c - 131. Is s prime?
False
Let h be 115 - (-2 - (-4 - -3)). Is h - 4/(3 - -1) composite?
True
Let r be 1*(-9)/3 - -5. Suppose -q + h - r*h + 14 = 0, 8 = 2*h. Is q a prime number?
False
Suppose 0 = -p - 0*p + 10. Is (-208)/(-20) + 6/p a composite number?
False
Let v(z) = -111*z + 7. Is v(-14) a prime number?
False
Suppose -y + 0*y + 125 = 0. Suppose 3*x = y - 32. Is x a prime number?
True
Suppose -4*u + 0*u = -1596. Suppose -5*w = 3*l - 1231, w + 6 + u = l. Is l a prime number?
False
Let m(w) = -w**2 - w + 1. Let r be m(2). Let b(s) = -3*s**3 + 6*s**2 + 7*s + 9. Is b(r) a composite number?
False
Let w(c) = c**2 - c + 7. Suppose 2*h = 8 + 4. Is w(h) a composite number?
False
Let s be (-30)/(-2*2/4). Is 3/(-5) + 2928/s prime?
True
Suppose -1167 = 5*y - 8*y. Is y composite?
False
Let l = -7 - -9. Suppose 27 = -r + 2*r + 4*a, -3*a + 34 = l*r. Is r prime?
True
Suppose -l = -3*y - 219, 0 = -5*l - y - 2*y + 1167. Suppose x + l = 4*x. Is x a composite number?
True
Suppose 2*q + 1454 = 2*n, 0 = 4*n - q - 0*q - 2920. Is n prime?
False
Let i = -19 - -34. Suppose i*n - 1055 = 10*n. Is n a prime number?
True
Let p(f) = -268*f - 17. Is p(-3) composite?
False
Let w(j) = 333 + 3*j**2 - 2*j**2 - 130 + 3*j - 2*j. Is w(0) a composite number?
True
Let s(q) be the first derivative of 3*q**4/4 - 4*q**3/3 + 2*q**2 + q + 1. Let y be s(3). Suppose 2*w + 16 = -4*f + y, 2*w - 40 = -2*f. Is w composite?
False
Let a be 10 + (-4 - (-2)/2). Suppose 4*p - 125 - a = 0. Is p a prime number?
False
Suppose -206 = -0*r - r. Is r prime?
False
Suppose -3*i + i + 6 = 0. Let p(m) = 5*m**3 - 2*m**2 + 2. Is p(i) a composite number?
True
Suppose 5*g - 149 = 1836. Is g composite?
False
Let q(n) = n**3 - 3*n**2 + 5*n. Let h be q(4). Let b be 4/(-10) - h/10. Let o(i) = -i**2 - 6*i - 6. Is o(b) a prime number?
True
Let g = -470 - -867. Is g composite?
False
Suppose -6*q = -4*q - 5*t - 2929, t - 5825 = -4*q. Is q a composite number?
True
Let c = -247 - -358. Is c a composite number?
True
Let v(c) = c**3 + 8*c**2 - 11*c - 4. Is v(-7) composite?
True
Let l(j) = -j**3 + 8*j**2 + 2*j + 2. Let p be l(6). Is (-6 + 3)/(-1) + p a composite number?
False
Let c(l) = l**3 + 4*l**2 - 6*l - 4. Let x be c(-5). Is 44/8*x*94 a prime number?
False
Let a be 1*85*(-7 - -2). Is 2/(-8) + a/(-20) a composite number?
True
Suppose 3*u = -2*r - 1, 8*r - 4*r = -u - 7. Let n be (0 - 1)/(r/12). Suppose 5*j - n*j = -19. Is j a composite number?
False
Is (-2)/(-7) - (-1559)/7 prime?
True
Let j(w) = 253*w - 69. Let g(i) = 18*i - 5. Let a(q) = 69*g(q) - 5*j(q). Is a(-2) a composite number?
True
Let r = -6 - -11. Suppose 0 = -r*p + p - 60. Let s = p + 106. Is s prime?
False
Let p = -39 + 97. Is p composite?
True
Suppose -4*k + 690 = k - 4*y, 397 = 3*k + y. Is k a prime number?
False
Suppose 5*s - 2*s + 18 = 0. Is (230/(-3))/(4/s) prime?
False
Let p = -528 + 925. Is p prime?
True
Let o = 713 - -122. Is o a composite number?
True
Let x = -208 - -2915. Is x a composite number?
False
Is (46230/(-12))/(-5)*2 composite?
True
Let z = -11 + 16. Suppose 3*l = -2*o + 42 + 66, -z*l = 4*o - 182. Is l composite?
True
Suppose 0 = x + 3*x + 16. Let p be 1*-2*158/x. Suppose -2*o - p = -3*o. Is o a prime number?
True
Let m be (-3)/(-4*(-3)/56). Let t = m - -51. Is t a prime number?
True
Let j(g) = -g**2 + 5*g + 2. Let r be j(4). Suppose -r*w + w + 1975 = 0. Is w composite?
True
Suppose 41 + 39 = 4*p. Suppose 7*x - 204 = 3*x. Let n = x - p. Is n a prime number?
True
Suppose 295 = 5*b - 7*k + 4*k, 0 = b - 2*k - 59. Is b composite?
False
Suppose -2*n + 5*f = -0*n - 1496, -4*f + 3707 = 5*n. Is n prime?
True
Suppose 7*a = a + 1788. Is a a composite number?
True
Suppose 3*i - 44 = 2*c, -52 = -0*i - 4*i - 4*c. Suppose -b + i = -29. Is b composite?
False
Let t be ((-3)/1)/(6/(-8)). Suppose 470 + 174 = t*d. Is d prime?
False
Suppose j - 180 = -13. Is j prime?
True
Is ((-10422)/12 + 2)/(2/(-4)) prime?
True
Suppose -3*d = -d - 20. Suppose 14 + d = 2*g. Suppose z - g = 2*v, 41 = 3*z + 3*v + 14. Is z composite?
True
Let c(q) be the first derivative of -q**3/3 - 9*q**2/2 + 3*q - 3. Let l be c(-8). Suppose s - 83 = t, -5*t = -3*s + 260 - l. Is s prime?
True
Let s = 1769 + -618. Is s prime?
True
Let v(z) = -z**2 + 0*z**2 + 2*z**2 - 4*z - 6. Let f be v(8). Let d = -13 + f. Is d prime?
True
Let c = 8341 - 5870. Is c composite?
True
Suppose -4*y + 16 + 180 = 0. Is y a composite number?
True
Suppose -4*t + 6 = -2*t. Let f(m) = -5*m**2 - 5*m**2 - 5 + 5*m**t + 6*m**2. Is f(4) a composite number?
False
Suppose -278 = 23*s - 24*s. Is s composite?
True
Let d be (-3 + 14)/((-2)/(-4)). Suppose k = -0*k + d. Is k composite?
True
Let t(a) = 16*a**2 + 2*a + 1. Let o be ((-2)/3)/(3/(-54)). Suppose 0 = 2*x - p - 3, -3*p - o = -4*x + x. Is t(x) composite?
True
Let i(l) = -393*l - 32. Is i